{"id":1460,"date":"2020-04-28T09:46:51","date_gmt":"2020-04-28T07:46:51","guid":{"rendered":"https:\/\/sp8pcf.pzk.pl\/?page_id=1460"},"modified":"2021-05-24T20:57:44","modified_gmt":"2021-05-24T18:57:44","slug":"nasi-partnerzy","status":"publish","type":"page","link":"https:\/\/sp8pcf.pzk.pl\/?page_id=1460","title":{"rendered":"Nasi partnerzy"},"content":{"rendered":"<p style=\"text-align: center;\"><a href=\"http:\/\/gb312.pl\/\" target=\"_blank\" rel=\"noopener\"><img decoding=\"async\" class=\"size-full wp-image-1754 aligncenter\" src=\"https:\/\/sp8pcf.pzk.pl\/wp-content\/uploads\/2021\/01\/gb37a.png\" alt=\"\" width=\"497\" height=\"90\" srcset=\"https:\/\/sp8pcf.pzk.pl\/wp-content\/uploads\/2021\/01\/gb37a.png 497w, https:\/\/sp8pcf.pzk.pl\/wp-content\/uploads\/2021\/01\/gb37a-300x54.png 300w\" sizes=\"(max-width: 497px) 100vw, 497px\" \/><\/a><\/p>\n<p style=\"text-align: justify;\">Wszystkie rozwi\u0105zania kt\u00f3re proponuje<strong> SP8GEM &amp; SP8BRQ<\/strong> powsta\u0142y na bazie wieloletnich do\u015bwiadcze\u0144. Anteny zosta\u0142y wykonane fizycznie i dok\u0142adnie przetestowane. Dzi\u0119ki zaawansowanym technologiom obr\u00f3bki materia\u0142\u00f3w uzyskali\u015bmy wysok\u0105 jako\u015b\u0107, dok\u0142adno\u015b\u0107 i powtarzalno\u015b\u0107 stosowanych element\u00f3w, monta\u017c jest czyst\u0105 przyjemno\u015bci\u0105. Zamieszczone projekty anten posiadaj\u0105\u00a0 pe\u0142ny opis pozwalaj\u0105cy na jednostkowe konstrukcje samodzielne. Opisane rozwi\u0105zania s\u0105 dost\u0119pne w postaci gotowych kompletnych zestaw\u00f3w do samodzielnego monta\u017cu. Strona SP3GEM &amp; SP8BRQ po\u015bwi\u0119cona jest naszemu hobby a w szczeg\u00f3lno\u015bci prostym sprawdzonym rozwi\u0105zaniom podnosz\u0105cym potencja\u0142 naszych stacji w zawodach oraz DXing-u.<\/p>\n<hr \/>\n<p style=\"text-align: center;\"><img decoding=\"async\" class=\"alignnone wp-image-1854\" src=\"https:\/\/sp8pcf.pzk.pl\/wp-content\/uploads\/2021\/05\/indeks.png\" alt=\"\" width=\"96\" height=\"113\" \/> <img decoding=\"async\" class=\"alignnone size-full wp-image-1856\" src=\"https:\/\/sp8pcf.pzk.pl\/wp-content\/uploads\/2021\/05\/indeks_1.png\" alt=\"\" width=\"211\" height=\"147\" \/><\/p>\n<p style=\"text-align: center;\"><img loading=\"lazy\" decoding=\"async\" class=\"alignnone wp-image-1853\" src=\"https:\/\/sp8pcf.pzk.pl\/wp-content\/uploads\/2021\/05\/pejzaz_09-1024x438.jpg\" alt=\"\" width=\"578\" height=\"247\" srcset=\"https:\/\/sp8pcf.pzk.pl\/wp-content\/uploads\/2021\/05\/pejzaz_09-1024x438.jpg 1024w, https:\/\/sp8pcf.pzk.pl\/wp-content\/uploads\/2021\/05\/pejzaz_09-300x128.jpg 300w, https:\/\/sp8pcf.pzk.pl\/wp-content\/uploads\/2021\/05\/pejzaz_09-768x328.jpg 768w, https:\/\/sp8pcf.pzk.pl\/wp-content\/uploads\/2021\/05\/pejzaz_09.jpg 1170w\" sizes=\"(max-width: 578px) 100vw, 578px\" \/><\/p>\n<p style=\"text-align: center;\"><strong>Gmina i Miasto Nisko<\/strong><\/p>\n<p style=\"text-align: justify;\"><strong>Nisko<\/strong> \u2013 miasto w wojew\u00f3dztwie podkarpackim, w powiecie ni\u017ca\u0144skim, siedziba gminy miejsko-wiejskiej Nisko. Po\u0142o\u017cone nad rzek\u0105 San, od p\u00f3\u0142nocnego zachodu granicz\u0105ce ze Stalow\u0105 Wol\u0105.<br \/>\nWed\u0142ug danych z 1 stycznia 2010 r. powierzchnia miasta wynosi\u0142a 60,96 km\u00b2. Na p\u00f3\u0142nocy ograniczone jest rzek\u0105 San, a na po\u0142udniu pozosta\u0142o\u015bciami Puszczy Sandomierskiej. Od zachodu graniczy ze Stalow\u0105 Wol\u0105, natomiast od wschodu z wsiami Wolina, oraz Rac\u0142awice.<br \/>\nPrzez miasto przebiegaj\u0105 szlaki komunikacyjne: linia kolejowa nr 68 Przeworsk-Rozwad\u00f3w, droga krajowa nr 77 Stalowa Wola-Le\u017cajsk (Lipnik \u2013 Przemy\u015bl), droga krajowa nr 19 Lublin-Rzesz\u00f3w (Ku\u017anica Bia\u0142ostocka \u2013 Barwinek). Nisko po\u0142o\u017cone jest w dawnej ziemi sandomierskiej Ma\u0142opolski.<br \/>\nW latach 1975\u20131998 miasto administracyjnie nale\u017ca\u0142o do woj. tarnobrzeskiego.<br \/>\nNisko jest podzielone na osiedla: Barce, Malce, Moskale, Warcho\u0142y, Podwolina, Centrum I, Centrum II, Tysi\u0105clecia.<\/p>\n<p style=\"text-align: justify;\"><strong>Gmina Nisko<\/strong> &#8211; usytuowania jest w Kotlinie Sandomierskiej, na skraju Puszczy Sandomierskiej, w p\u00f3\u0142nocnej cz\u0119\u015bci wojew\u00f3dztwa podkarpackiego na skrzy\u017cowaniu wa\u017cnych szlak\u00f3w komunikacyjnych: droga krajowa nr 19 \u2013 Ku\u017anica Bia\u0142ostocka (granica z Bia\u0142orusi\u0105) \u2013 Lublin \u2013 Rzesz\u00f3w \u2013 Barwinek (granica ze S\u0142owacj\u0105) i droga krajowa nr 77 \u2013 Lipnik \u2013 Sandomierz \u2013 Przemy\u015bl. Przechodzi te\u017c r\u00f3wnie\u017c linia kolejowa nr 68 Rozwad\u00f3w \u2013 Przeworsk. Jest jedn\u0105 z siedmiu gmin powiatu ni\u017ca\u0144skiego. Siedziba Urz\u0119du Gminy i Miasta znajduje si\u0119 w mie\u015bcie Nisko. Gmina pod wzgl\u0119dem obszaru zajmuje drugie miejsce w powiecie ni\u017ca\u0144skim po gminie Harasiuki. S\u0105siaduje z gminami: Stalowa Wola, Pysznica, Bojan\u00f3w, Rudnik nad Sanem, Ulan\u00f3w i Je\u017cowe.<br \/>\nG\u0142\u00f3wn\u0105 rzek\u0105 przep\u0142ywaj\u0105c\u0105 przez teren gminy jest San wraz z dop\u0142ywami. Le\u017cy ona w obr\u0119bie stykaj\u0105cych si\u0119 trzech mezoregion\u00f3w: P\u0142askowy\u017cu Kolbuszowskiego, P\u0142askowy\u017cu Tarnogrodzkiego i R\u00f3wniny Bi\u0142gorajskiej. Na zach\u00f3d i po\u0142udnie gminy rozci\u0105ga si\u0119 Puszcza Sandomierska, na p\u00f3\u0142noc Lasy Janowskie, za\u015b na wsch\u00f3d Puszcza Solska. Tutejszy klimat charakteryzuje si\u0119 upalnymi latami z niewielk\u0105 ilo\u015bci\u0105 opad\u00f3w, zimami do\u015b\u0107 \u0142agodnymi, umiarkowanie \u015bnie\u017cnymi.<br \/>\nP\u0142askowy\u017c Kolbuszowski zajmuje \u015brodkow\u0105 cz\u0119\u015b\u0107 Kotliny Sandomierskiej, wznosi si\u0119 od 220 do 270 m n.p.m. i ma charakter rolniczo-le\u015bny.<br \/>\nR\u00f3wnina Bi\u0142gorajska to kraina le\u015bno-\u0142\u0105kowa, z pi\u0119knymi borami sosnowymi, licznymi wydmami, torfowiskami i jeziorkami. P\u0142askowy\u017c Tarnogrodzki charakteryzuje si\u0119 obecno\u015bci\u0105 gleb lessowych sprzyjaj\u0105cych rozwojowi rolnictwa.<br \/>\nW sk\u0142ad gminy wchodzi miasto Nisko, kt\u00f3re oficjalnie uzyska\u0142o status miasta w 1933 oraz 6 so\u0142ectw: Ko\u0144czyce, Nowa Wie\u015b, Nowosielec, Rac\u0142awice, Wolina i Zarzecze. Zarzecze to stara wie\u015b kr\u00f3lewska, wzmiankowana w XIX w., le\u017c\u0105ca na trasie do Ulanowa, a Rac\u0142awice s\u0105 jedn\u0105 z najstarszych w okolicy wsi.<\/p>\n<hr \/>\n<p><a href=\"http:\/\/spid.net.pl\/pl\" target=\"_blank\" rel=\"noopener noreferrer\"><img loading=\"lazy\" decoding=\"async\" class=\"size-full wp-image-1455 aligncenter\" src=\"https:\/\/sp8pcf.pzk.pl\/wp-content\/uploads\/2020\/04\/SPID_1.jpg\" alt=\"\" width=\"516\" height=\"97\" srcset=\"https:\/\/sp8pcf.pzk.pl\/wp-content\/uploads\/2020\/04\/SPID_1.jpg 516w, https:\/\/sp8pcf.pzk.pl\/wp-content\/uploads\/2020\/04\/SPID_1-300x56.jpg 300w\" sizes=\"(max-width: 516px) 100vw, 516px\" \/><\/a><\/p>\n<p>Firma SPID Elektronik powsta\u0142a w 1997 roku. Do 1999 roku zajmowa\u0142a si\u0119 wykonywaniem projekt\u00f3w i prototyp\u00f3w urz\u0105dze\u0144 automatyki przemys\u0142owej, opartych na mikrosterownikach procesorowych (regulatory temperatury, uk\u0142ady licz\u0105ce, przetwarzanie i pomiary r\u00f3\u017cnych wielko\u015bci). Od 1999 roku trwa\u0142y prace nad sterownikami kr\u00f3tkofalarskimi. Uk\u0142ady te s\u0142u\u017c\u0105 do sterowania rotor\u00f3w kr\u00f3tkofalarskich.<br \/>\n<strong>Dzi\u0119ki wsp\u00f3\u0142pracy Stowarzyszenia Klub Kr\u00f3tkofalowc\u00f3w SP8PCF z firm\u0105<\/strong> <strong>SPID Elektronik<\/strong> <strong>stacja contest-owa SP8R w Albigowej wykorzystuje do obrotu anten sterowniki ROT1Prog wsp\u00f3\u0142pracuj\u0105ce z obrotnicami typu RAK oraz ze wszystkimi obrotnicami posiadaj\u0105cymi wyj\u015bcie impulsowe, kt\u00f3re zamontowane s\u0105 na Naszych masztach antenowych.<\/strong><\/p>\n<hr \/>\n<p style=\"text-align: justify;\"><a href=\"http:\/\/mat-sat.pl\" target=\"_blank\" rel=\"noopener noreferrer\"><img loading=\"lazy\" decoding=\"async\" class=\"size-full wp-image-1461 aligncenter\" src=\"https:\/\/sp8pcf.pzk.pl\/wp-content\/uploads\/2020\/04\/MAT-SAT.png\" alt=\"\" width=\"358\" height=\"141\" srcset=\"https:\/\/sp8pcf.pzk.pl\/wp-content\/uploads\/2020\/04\/MAT-SAT.png 358w, https:\/\/sp8pcf.pzk.pl\/wp-content\/uploads\/2020\/04\/MAT-SAT-300x118.png 300w\" sizes=\"(max-width: 358px) 100vw, 358px\" \/><\/a>Firma Mat-Sat telecom dzia\u0142a na rynku ponad 20 lat. Inwestuje w lokaln\u0105 sie\u0107 telekomunikacyjn\u0105 \u015bwiat\u0142owodow\u0105 oraz radiow\u0105. Posiada certyfikat RZETELNA Firma.<br \/>\n<strong>Mat-Sat telecom jest dostawc\u0105 \u0142\u0105cza internetowego dla Stowarzyszenia Klub Kr\u00f3tkofalowc\u00f3w SP8PCF na stacji contest-owej w Albigowej.<br \/>\n<\/strong><\/p>\n<hr \/>\n<p><a href=\"http:\/\/www.albigowa.com.pl\/\" target=\"_blank\" rel=\"noopener noreferrer\"><img loading=\"lazy\" decoding=\"async\" class=\"size-full wp-image-1465 aligncenter\" src=\"https:\/\/sp8pcf.pzk.pl\/wp-content\/uploads\/2020\/04\/albigowa_1-kopia.jpg\" alt=\"\" width=\"512\" height=\"107\" srcset=\"https:\/\/sp8pcf.pzk.pl\/wp-content\/uploads\/2020\/04\/albigowa_1-kopia.jpg 512w, https:\/\/sp8pcf.pzk.pl\/wp-content\/uploads\/2020\/04\/albigowa_1-kopia-300x63.jpg 300w\" sizes=\"(max-width: 512px) 100vw, 512px\" \/><\/a><\/p>\n<p style=\"text-align: justify;\">Sadowniczy Zak\u0142ad Do\u015bwiadczalny w Albigowej powsta\u0142 z dniem 1 lipca 1966 roku jako jeden z 13-tu terenowych zak\u0142ad\u00f3w do\u015bwiadczalnych ISiK w Skierniewicach. Za\u0142o\u017cycielem Zak\u0142adu by\u0142 \u00f3wczesny dyrektor ISiK w Skierniewicach prof. S. A. Pieni\u0105\u017cek.<br \/>\nZak\u0142ad przej\u0105\u0142 tereny i zabudowania po Pa\u0144stwowej Stadninie Koni, kt\u00f3ra przed wojn\u0105 nale\u017ca\u0142a do Ordynacji Potockich, gdzie od wielu lat prowadzona by\u0142a hodowla koni (historia Stadniny Koni przedstawiona jest na stronie <a href=\"http:\/\/www.albigowa.com.pl\/stadnina\/\" target=\"_self\" rel=\"noopener noreferrer\">www.albigowa.com.pl\/stadnina<\/a>).<br \/>\nPo 31-dnio letnim okresie dzia\u0142alno\u015bci zak\u0142ad zosta\u0142 sprzedany przez ISiK w Skierniewicach Panom A. Dziugie\u0142 i J. Bytnar, kt\u00f3rzy z dniem 1 marca 1997 roku na bazie SZD utworzyli <strong>Sadowniczo-Szk\u00f3\u0142karski Zak\u0142ad Do\u015bwiadczalny<\/strong>.<br \/>\nAktualnie Zak\u0142ad gospodarzy na 207 ha ziemi z czego sady jab\u0142oniowe zajmuj\u0105 powierzchni\u0119 30ha, sady wi\u015bniowe 40 ha, sady gruszowe 6 ha, szk\u00f3\u0142ki i mateczniki 10 ha, plantacje: porzeczki czarnej 30 ha, aronii 45 ha, \u015bliwy 1 ha, dere\u0144 jadalny 4 ha, \u0142\u0105ki i pastwiska 11 ha zabudowania 6 ha drogi i place 4 ha, pozosta\u0142e grunty u\u017cytkowane s\u0105 rolniczo.<br \/>\n<strong>Na terenie<\/strong> <strong>Sadowniczo-Szk\u00f3\u0142karskiego Zak\u0142adu Do\u015bwiadczalnego w Albigowej zlokalizowana jest stacja contest-owa SP8R Stowarzyszenia Klub Kr\u00f3tkofalowc\u00f3w SP8PCF w \u0141a\u0144cucie.<\/strong><\/p>\n<hr \/>\n<p><img loading=\"lazy\" decoding=\"async\" class=\"size-full wp-image-1474 aligncenter\" src=\"https:\/\/sp8pcf.pzk.pl\/wp-content\/uploads\/2020\/04\/1lo_1.jpg\" alt=\"\" width=\"403\" height=\"141\" srcset=\"https:\/\/sp8pcf.pzk.pl\/wp-content\/uploads\/2020\/04\/1lo_1.jpg 403w, https:\/\/sp8pcf.pzk.pl\/wp-content\/uploads\/2020\/04\/1lo_1-300x105.jpg 300w\" sizes=\"(max-width: 403px) 100vw, 403px\" \/><\/p>\n<p style=\"text-align: justify;\">I Liceum Og\u00f3lnokszta\u0142c\u0105ce im. Henryka Sienkiewicza w \u0141a\u0144cucie jest szko\u0142\u0105 kt\u00f3ra w 2014 i 2017 r. w rankingu \u201ePerspektyw\u201d uzyska\u0142a tytu\u0142 &#8220;Br\u0105zowej Szko\u0142y&#8221;, a w 2019, 2018 i 2016 r. tytu\u0142 &#8220;Srebrnej Szko\u0142y&#8221; &#8211; by\u0107 uczniem liceum, kt\u00f3re zyska\u0142o tytu\u0142y: &#8220;Wiarygodnej Szko\u0142y&#8221;, \u201eSzko\u0142y przedsi\u0119biorczo\u015bci\u201d i \u201eSzko\u0142y z klas\u0105\u201d, &#8220;Szko\u0142y Olimpijskiej&#8221;, &#8221; Szko\u0142y promuj\u0105cej zdrowie&#8221; &#8211; ucz\u0119szcza\u0107 do szko\u0142y, w kt\u00f3rej blisko 100% uczni\u00f3w zdaje matur\u0119! ( w roku 2013 &#8211; 100%, w 2014 &#8211; 97%, w 2015 &#8211; 96%, w 2016 &#8211; 97%, w 2017 r. 96%).<br \/>\nUczniowie I LO w \u0141a\u0144cucie to laureaci i finali\u015bci zawod\u00f3w centralnych: XXVIII i XXIX Olimpiady Wiedzy Ekologicznej, XLIII i XLIV XLV Olimpiady Biologicznej, XXVI i XXVII Olimpiady Filozoficznej VIII Olimpiady o Diamentowy Indeks AGH laureaci i finali\u015bci wielu podkarpackich konkurs\u00f3w matematycznych 2.i 3.miejsce w Europie w Mi\u0119dzynarodowym Konkursie \u201eM\u0142odzie\u017c w Lasach Europy\u201d w Eberswalde? laureaci i finali\u015bci Podkarpackiego Konkursu Matematycznego im. F. Lei, Konkursu Matematycznego im. prof. J.Marsza\u0142a, Jasielskiego Konkursu Matematycznego im.H.Steinhausa laureaci mi\u0119dzynarodowego konkursu \u201eMoje miejsce zamieszkania w procesie zmian\u201d nagrodzeni udzia\u0142em w warsztatach w Niemczech zwyci\u0119\u017cczyni wraz z espo\u0142em VISION szkolnej Internetowej Gry Gie\u0142dowej w 2015 r-Wioletta Kuxniar uczestniczka ma\u0142ego fina\u0142u Og\u00f3lnopolskiego Konkursu \u201eOjczyzna Polszczyzna 2013 1.i 3.miejsce w wojew\u00f3dzkim konkursie \u201ePowstanie Warszawskie oczami m\u0142odych\u201d finali\u015bci zawod\u00f3w wojew\u00f3dzkich koszyk\u00f3wki ch\u0142opc\u00f3w ( III miejsce w wojew\u00f3dztwie w 2015 r.), pi\u0142ki siatkowej dziewcz\u0105t i szach\u00f3w dru\u017cynowych zwyci\u0119zcy Og\u00f3lnopolskiego Konkursu Biologiczno-Chemicznego &#8221; Z WAT nauka jest fascynuj\u0105ca&#8221; I miejsce w wojew\u00f3dzkim konkursie NSZZ Solidarno\u015b\u0107 &#8220;Czy run\u0119\u0142y mury&#8221; br\u0105zowy medal w finale wojew\u00f3dzkim Licealiady w koszyk\u00f3wce ch\u0142opc\u00f3w.<br \/>\nNajwa\u017cniejsze fakty z historii szko\u0142y: 1907 &#8211; Powstanie Prywatnego Miejskiego Gimnazjum Klasycznego za\u0142o\u017conego przez Boles\u0142awa \u017bardeckiego 1910 &#8211; W\u0142adze pa\u0144stwowe dostrzegaj\u0105 rozw\u00f3j i wzrastaj\u0105cy poziom gimnazjum nadaj\u0105c mu tytu\u0142 Cesarsko-Kr\u00f3lewskiego Gimnazjum Realnego 1918 &#8211; Odzyskanie Niepodleg\u0142o\u015bci i powstanie Pa\u0144stwowego Gimnazjum Realnego 1921 &#8211; Nadanie imienia Patrona Gimnazjum Henryka Sienkiewicza 1938 &#8211; W wyniku reformy edukacji powstaje Pa\u0144stwowe Gimnazjum i Liceum im. H. Sienkiewicza Od 1992 roku I Liceum Og\u00f3lnokszta\u0142c\u0105ce w \u0141a\u0144cucie nale\u017cy do ekskluzywnego KLUBU NAJSTARSZYCH SZK\u00d3\u0141 W POLSCE. W 1997 roku powsta\u0142o Stowarzyszenie Wychowank\u00f3w Gimnazjum i Liceum im. H. Sienkiewicza. Zrzesza ono absolwent\u00f3w i sympatyk\u00f3w I LO w \u0141a\u0144cucie, wspiera szko\u0142\u0119 w kszta\u0142ceniu i wychowaniu uczni\u00f3w, a tak\u017ce funduje stypendia dla najzdolniejszych uczni\u00f3w. Ostatni zjazd Sienkiewiczak\u00f3w, podczas kt\u00f3rego \u015bwi\u0119towano jubileusz 110-lecia szko\u0142y, odby\u0142 si\u0119 14 pa\u017adziernika 2017 roku.<\/p>\n<p style=\"text-align: justify;\"><strong>W budynku I Liceum Og\u00f3lnokszta\u0142c\u0105ce im. Henryka Sienkiewicza w \u0141a\u0144cucie mie\u015bci si\u0119 siedziba Stowarzyszenia Klub Kr\u00f3tkofalowc\u00f3w SP8PCF w \u0141a\u0144cucie.<\/strong><\/p>\n","protected":false},"excerpt":{"rendered":"<p>Wszystkie rozwi\u0105zania kt\u00f3re proponuje SP8GEM &amp; SP8BRQ powsta\u0142y na bazie wieloletnich do\u015bwiadcze\u0144. Anteny zosta\u0142y wykonane fizycznie i dok\u0142adnie przetestowane. Dzi\u0119ki zaawansowanym technologiom obr\u00f3bki materia\u0142\u00f3w uzyskali\u015bmy wysok\u0105 jako\u015b\u0107, dok\u0142adno\u015b\u0107 i powtarzalno\u015b\u0107 stosowanych element\u00f3w, monta\u017c jest czyst\u0105 przyjemno\u015bci\u0105. Zamieszczone projekty anten posiadaj\u0105\u00a0 pe\u0142ny opis pozwalaj\u0105cy na jednostkowe konstrukcje samodzielne. Opisane rozwi\u0105zania s\u0105 dost\u0119pne w postaci gotowych kompletnych <a class=\"read-more\" href=\"https:\/\/sp8pcf.pzk.pl\/?page_id=1460\">Read More<\/a><\/p>\n","protected":false},"author":2,"featured_media":0,"parent":0,"menu_order":0,"comment_status":"closed","ping_status":"closed","template":"","meta":{"footnotes":"","_wp_rev_ctl_limit":""},"_links":{"self":[{"href":"https:\/\/sp8pcf.pzk.pl\/index.php?rest_route=\/wp\/v2\/pages\/1460"}],"collection":[{"href":"https:\/\/sp8pcf.pzk.pl\/index.php?rest_route=\/wp\/v2\/pages"}],"about":[{"href":"https:\/\/sp8pcf.pzk.pl\/index.php?rest_route=\/wp\/v2\/types\/page"}],"author":[{"embeddable":true,"href":"https:\/\/sp8pcf.pzk.pl\/index.php?rest_route=\/wp\/v2\/users\/2"}],"replies":[{"embeddable":true,"href":"https:\/\/sp8pcf.pzk.pl\/index.php?rest_route=%2Fwp%2Fv2%2Fcomments&post=1460"}],"version-history":[{"count":21,"href":"https:\/\/sp8pcf.pzk.pl\/index.php?rest_route=\/wp\/v2\/pages\/1460\/revisions"}],"predecessor-version":[{"id":1858,"href":"https:\/\/sp8pcf.pzk.pl\/index.php?rest_route=\/wp\/v2\/pages\/1460\/revisions\/1858"}],"wp:attachment":[{"href":"https:\/\/sp8pcf.pzk.pl\/index.php?rest_route=%2Fwp%2Fv2%2Fmedia&parent=1460"}],"curies":[{"name":"wp","href":"https:\/\/api.w.org\/{rel}","templated":true}]}}